1280)))
-61
What is 63 + -34 + 4 + (-2 - -3) - -16?
50
What is the value of 55 + (-13 - -1 - (-142 + 92))?
93
3 + -2 + (68 - 79 - (-1 + 0)) + -11
-20
What is the value of 1 + 4 + (-382 + 372 - (16 + -1))?
-20
What is the value of 33 + (-3 + 13 - 22)?
21
Evaluate 38 + -4 + (46 + -25 - 26).
29
Evaluate 143 - (-34 - 10 - -109).
78
What is ((21 - 50) + 8 - -13) + 0 + 73 + 6?
71
What is the value of -17 - 0 - ((75 - 5) + -37)?
-50
Evaluate -393 + 341 + 38 + -4 - (2 - -81).
-101
Evaluate (-68 - (-143 - -50)) + (-107 - 1).
-83
What is (-185 - -133) + (8 + (0 - 6) - -7)?
-43
14 - (56 + -61 - (-17 - 2))
0
Evaluate -8 + -14 + (-1 + 1 - 4) - (56 - 51).
-31
What is -60 + 16 - -66 - (0 + 40) - -71?
53
Calculate 10 + (45 - (22 - (-9 + 4 + 15))).
43
What is -18 + -8 + 29 - 22 - (3 + -15)?
-7
Calculate 19 + -41 + 33 + 49.
60
What is the value of -66 - -3 - (-1 + -13 + (-56 - -73) - 5)?
-61
Evaluate 0 - -74 - (-32 + 22 - -27 - 12).
69
What is the value of -3 + (13 - 4) + -6 + (9 - 0) + 42?
51
What is the value of (-1 - 2) + (0 - (-10 + -5)) - (-2 - 0)?
14
What is 54 - (-10 - (3 - 58)) - (-1 - 35)?
45
What is (3 - 1) + -6 + (-49 - -32)?
-21
Evaluate (-85 - -152) + -15 + -24.
28
What is the value of -34 + 11 + (12 - -2 - 17) + 3?
-23
Calculate 15 + 0 + 256 + -290 + 57.
38
What is -14 + (-45 - (1 + 1))?
-61
What is the value of (0 - -9) + -93 + 106 + -68?
-46
-24 + -13 + 10 + (0 - 12) - 5
-44
What is -1 + (4 - 54) - -17?
-34
Evaluate -14 + (-34 - -8) - ((-29 - -39) + -5).
-45
What is 2 + (3 - 4) - (-21 - -19 - 28)?
31
Evaluate 76 + (-16 - -4) + -16.
48
Evaluate 411 - 389 - (28 - -46).
-52
What is (-173 - -171) + (-33 + 1 - 2) + (-96 - -88)?
-44
Evaluate 50 + (51 - (66 - 18)).
53
60 + -26 + (109 - 46)
97
What is the value of (1 + -13 - 27) + 3 + -1 + (2 - 1)?
-36
What is -12 + 114 + 16 - (-9 - (-1 + -27))?
99
What is (-1 - (29 + 3)) + (-2 - (2 - -4) - -3)?
-38
Evaluate (4 - 0) + (-23 - -5) + (-49 - -13) + 1.
-49
-94 + 39 + (-1 + 2 - ((6 - 1) + -7))
-52
Calculate (-3 + -1 - (1 - -3 - 2)) + (-3050 - -3030).
-26
(456 - 203 - 287) + 1 + 100
67
What is -5 - (14 - (12 - -7) - (0 - -3)) - 16?
-13
Evaluate 3575 + -3582 - (-18 - 1).
12
36 + (25 + -71 + 10 - 6)
-6
What is 13 + 134 + -23 + 8 + -24?
108
-114 - (119 - 301) - 158
-90
Calculate 3 + 1 - (-1 - (13 - 14)).
4
What is -19 - (-20 - 1 - (-1 - 0)) - -87?
88
What is -21 + (-3 - -5) - 1 - -19?
-1
Evaluate (-4 - (-12 + -9 + 14)) + -54.
-51
What is the value of -57 + (-11 + -15 + 4 - -33)?
-46
Calculate -50 - -53 - -54 - 22.
35
-23 - (-13 + (-20 - 3)) - 21
-8
Calculate 6 + 0 + 13 + -28 + 12 - 37.
-34
What is the value of -34 + ((17 - -8) + -1 - -10)?
0
Calculate (-6 - 0) + (-190 - -145) - (4 + 2).
-57
Evaluate -2 + -3 + 1 + (-59 - -50) + 11.
-2
Evaluate -57 - (-66 - (-4 - 9)).
-4
Calculate (4 + -6 - (-35 + 31)) + (-3 - (5 - 8)).
2
What is the value of 208 + -221 + (-1 - -12) + -16?
-18
-2 - 0 - -1 - -1 - (30 + -37)
7
What is the value of (61 - (16 + 1 + (3 - 1))) + 20?
62
Calculate ((-1 - -40) + -4 - (5 - 4)) + -13.
21
Calculate -13 + 27 + -26 + (8 - 8).
-12
(29 - 51) + 21 + 2 - (-64 + 4)
61
Evaluate (55 - 18 - 31) + (31 - (-9 - -5)).
41
Calculate -22 + (-5 - -11) + 25 - (-49 - -3).
55
Calculate 71 - (6 + 15 + 15).
35
What is the value of (5 - (4 + 1 + -68)) + 14?
82
Calculate 0 + 2 + (423 - 426) - -13.
12
Calculate ((-6 - -11) + 2 - 13) + (-12 - 0).
-18
What is (62 + 65 - 18) + -41?
68
What is -25 + 14 + -28 + 13?
-26
Calculate -50 + (15 + 21 - -43).
29
What is -1 + 34 + -653 + 666 + -14 + 2?
34
79 + -3 - (4 - (-4 - (5 + -13 + 7)))
69
Calculate -25 + 13 - (12 - -19).
-43
Calculate -10 + 14 + 1 + -23 - -77.
59
Evaluate -2 + 86 + 3781 + -3804.
61
-30 + -15 + 2 + 16 - 10
-37
Evaluate ((-21 + 29 - -9) + -33 - (0 - 9)) + 127.
120
Calculate 2 + -3 + 39 - (-2 - (-15 - (-27 - -12))).
40
What is the value of (-1 + 18 - (-21 + 12 + 87)) + 0 + -2?
-63
Evaluate (201 - 208) + -1 + (3 - 4) + (6 - -3).
0
Evaluate (-38 - 80) + 100 - -52.
34
What is (80 - 64 - 38) + 89?
67
(0 + -5 - (1 + -7) - (5 - -1)) + -44
-49
Evaluate 6 + (-23 - -10 - (-94 + 83)).
4
Calculate (2 - (-2 + 15 - ((1 - 7) + -76))) + -1.
-94
Calculate -344 + 458 + -221 + (28 - 0).
-79
-1 + 9 - (-151 + (-65 - -220))
4
What is the value of (-41 - -69) + -41 + -102 + -2 - -9?
-108
-643 + 584 + -3 + (2 - -11)
-49
What is 0 + (14 - (9 - -10)) - (-11 - 24)?
30
Evaluate -25 + -2 - (-107 - -40) - (9 + 1).
30
What is (-36 - -63) + -61 - (5 + (-3 - -1))?
-37
Calculate -1 + -35 - (-1318 - -1277).
5
What is the value of (0 - -25) + (-493 - -486) + 2 + -1 + 6?
25
What is the value of 68 + 2 + (-32 - -72 - 32 - 4)?
74
Evaluate (-81 - (-38 - 31)) + -46.
-58
What is the value of -45 + -2 + 4 + (7 - (2 + 5)) - -9?
-34
51 - -3 - (-10 + 2 + (415 - 411))
58
What is the value of 38 - (14 + (-11 - (7 - 26)) + -12)?
28
What is the value of 6 + 94 + -46 - (-9 - -8)?
55
What is the value of 59 - (-21 + -3 + 47)?
36
Evaluate (9 - -40 - -10 - -1) + 8 + 1.
69
What is (30 + -14 - 31 - (-12 - -7)) + 17 + -2?
5
What is (128 + -142 + (4 - 1) - -2) + -33?
-42
What is the value of (-7 - (-8 - 1) - 11) + (-2 - (-53 + -5))?
47
What is the value of 41 - (70 + -25 - 23)?
19
-125 - -9 - (-20 - (30 + -33))
-99
What is the value of 85 + -93 + (2 - 1 - (0 - 53)) + -4?
42
Evaluate -15 - (-4 + (-16 - (-43 - -8)) + 5).
-35
(0 - 28) + (2 - 0) + (22 + 29 - 51)
-26
What is the value of -10 - (23 + -63 + 3)?
27
-115 + (42 - -75) - (16 + -2)
-12
(1 - -6) + (3 - 24) + (9 - (13 - -2))
-20
Evaluate (-1 - 1) + (48 + -52 - -12) + -13.
-7
Evaluate -76 + (-40 - (22 - 80)).
-58
What is 3 - (37 + (-13 + 22 - 29))?
-14
Evaluate (11 - 77) + 15 - -11 - (3 + 1).
-44
What is the value of 55 + 0 + (29 + -56 - -24 - -3)?
55
What is 9 - (54 + -39 + 86 + 20)?
-112
Calculate (-2 - -5) + -17 - ((-166 - -173) + -27).
6
What is -33 - (-54 + 74) - -38 - (-3 + 4)?
-16
Evaluate -30 + -47 - (60 + -65).
-72
What is -64 + (13 - (25 + -14)) + (16 - 9) + -3?
-58
Evaluate (283 - 249) + (3 - 2 - 5) + 4 + 12.
46
What is the value of -66 + (35 - (-9 + 54) - 15)?
-91
Evaluate (4 - 5 - (-17 + 2)) + 27 + -54 + -57.
-70
-6 + -8 - ((13 - 74) + 18)
29
Evaluate -483 - -521 - (3 - -6 - -98).
-69
83 + 4 + 1 + (43 + 39 + -56 - 22)
92
What is 7 - (-5 + 3) - (-41 + 97)?
-47
What is the value of -76 + -8 + -4 + (24 + -49 - -15)?
-98
(-1645 - -1597) + -2 + 116
66
What is the value of 54 + 110 + 3 + -102?
65
Evaluate -112 + (7 - (-5 + 23 + -2)) + 0.
-121
Calculate 23 - (4 - -7) - (78 + (-2 + -1 - 1)).
-62
-90 + (-38 - -34) + 51
-43
(83 - (-42 - -111)) + -47
-33
What is -12 - (15 + 12 - 12)?
-27
Evaluate 1 + 2 - ((9 - -1) + -29 + 1).
21
What is (102 - 80) + 16 + -4 + 33?
67
What is 20 + -111 + (196 - 39)?
66
Calculate 6 + 1 - (-5 + (18 - 9) + -78).
81
5 + (80 - 65) + -39
-19
Calculate 32 + (0 - -1) + 2 + (5396 - 5387).
44
What is the value of -51 - -17 - ((-4 - -6) + (-12 - 1))?
-23
What is (13 + (-13 - 0) - 22) + -16?
-38
Calculate (-62 - -8) + -13 - -4.
-63
What is the value of 16 + -47 + 26 - 37?
-42
What is the value of 22 - (20 + -13 + -8) - 0?
23
Calculate -167 + 135 - (-3 + -72).
43
Calculate -73 - (-124 + 46) - 82.
-77
What is the value of (-25 + -2 + -19 - -39) + 121?
114
Calculate 7 + -1 - (64 + -78) - -3 - -14.
37
Evaluate 436 - 361 - (8 - (-9 - -6)).
64
What is -68 + 169 + -26 - 36?
39
Calculate -24 - ((-45 - -133 - 41) + 55).
-126
Calculate 12 + (5 + -10 - -7) + -22 - -18.
10
What is the value of 2 + -110 + (43 - 33 - 37)?
-135
Calculate -62 + 138 + -103 - (1 - -10).
-38
Calculate (-3 - -3 - (10 + -2 + -2 - -3)) + 55.
46
Calculate 693 + -705 - (-10 + 4 + -3).
-3
What is the value of -53 + (64 - 10) - 16?
-15
(-1 - -11 - (-4 + 1)) + (170 - 226)
-43
34 + 7 - 67 - -7
-19
What is the value of 29 + -72 - -53 - 16 - (2 + 16)?
-24
What is 71 + (23 - 7) + -34?
53
What is (0 - 45) + (-29 - (10 - 37))?
-47
What is the value of (-2 - (15 + 5)) + (-10 - (3 - 18)) - 9?
-26
-90 + -43 + 113 + (9 - 1)
-12
Evaluate 15 + (9 - -17) - (-91 + 126).
6
What is (14 - ((63 - 7) + -4)) + (3 - -5) + 1?
-29
18 - 17 - (19 + -18 - 5)
5
What is the value of 12 + -1 + (-1688 - -1676)?
-1
75 + (-76 - -65) + 11 + -1
74
What is 24 + 85 + 15 - (16 + 3)?
105
15 - (-9 - -5) - (-31 + 37 + 34)
-21
What is the value of 8 - 2 - (-9 - 63 - -39 - (2 + 10))?
51
(64 - 20) + 28 + -16
56
-23 + 10 + 0 -